{"id":119,"date":"2019-02-28T20:39:54","date_gmt":"2019-02-28T23:39:54","guid":{"rendered":"http:\/\/localhost\/gpde\/?page_id=119"},"modified":"2021-04-13T14:20:16","modified_gmt":"2021-04-13T17:20:16","slug":"curso-de-extensao-de-metodologia-e-pesquisa-em-direito-e-desenvolvimento","status":"publish","type":"page","link":"https:\/\/gpde.direito.ufmg.br\/index.php\/curso-de-extensao-de-metodologia-e-pesquisa-em-direito-e-desenvolvimento\/","title":{"rendered":"Curso de Extens\u00e3o de Metodologia e Pesquisa em Direito e Desenvolvimento"},"content":{"rendered":"<div><span style=\"font-family: verdana, geneva, sans-serif;\">O objetivo do curso \u00e9 introduzir aos graduandos no\u00e7\u00f5es b\u00e1sicas sobre as metodologias de pesquisa que usamos, de modo a convid\u00e1-los ao aprofundamento e envolvimento acad\u00eamico nos principais temas trabalhados no GPDE:<b>\u00a0propriedade intelectual, concorr\u00eancia e desenvolvimento, mostrando-lhes tamb\u00e9m a\u00a0 interdisciplinariedade e comunica\u00e7\u00e3o entre os temas.<\/b><\/span><\/div>\n<div><span style=\"font-family: verdana, geneva, sans-serif;\"><b>\u00a0<\/b><\/span><\/div>\n<div><span style=\"font-family: verdana, geneva, sans-serif;\">Adicionalmente, o curso pode proporcionar di\u00e1logos qualificados com pesquisadores nas pesquisas de mestrado e doutorado que desenvolvem e fomentar a participa\u00e7\u00e3o em nossos grupos de estudos e pesquisas.<\/span><\/div>\n<div><\/div>\n<div><\/div>\n<div><\/div>\n","protected":false},"excerpt":{"rendered":"<p>O objetivo do curso \u00e9 introduzir aos graduandos no\u00e7\u00f5es b\u00e1sicas sobre as metodologias de pesquisa que usamos, de modo a convid\u00e1-los ao aprofundamento e envolvimento acad\u00eamico nos principais temas trabalhados&hellip;<\/p>\n","protected":false},"author":1,"featured_media":0,"parent":0,"menu_order":0,"comment_status":"closed","ping_status":"closed","template":"","meta":{"footnotes":""},"class_list":["post-119","page","type-page","status-publish","hentry"],"_links":{"self":[{"href":"https:\/\/gpde.direito.ufmg.br\/index.php\/wp-json\/wp\/v2\/pages\/119","targetHints":{"allow":["GET"]}}],"collection":[{"href":"https:\/\/gpde.direito.ufmg.br\/index.php\/wp-json\/wp\/v2\/pages"}],"about":[{"href":"https:\/\/gpde.direito.ufmg.br\/index.php\/wp-json\/wp\/v2\/types\/page"}],"author":[{"embeddable":true,"href":"https:\/\/gpde.direito.ufmg.br\/index.php\/wp-json\/wp\/v2\/users\/1"}],"replies":[{"embeddable":true,"href":"https:\/\/gpde.direito.ufmg.br\/index.php\/wp-json\/wp\/v2\/comments?post=119"}],"version-history":[{"count":0,"href":"https:\/\/gpde.direito.ufmg.br\/index.php\/wp-json\/wp\/v2\/pages\/119\/revisions"}],"wp:attachment":[{"href":"https:\/\/gpde.direito.ufmg.br\/index.php\/wp-json\/wp\/v2\/media?parent=119"}],"curies":[{"name":"wp","href":"https:\/\/api.w.org\/{rel}","templated":true}]}}