{"id":6,"date":"2019-02-28T16:28:02","date_gmt":"2019-02-28T19:28:02","guid":{"rendered":"http:\/\/localhost\/gpde\/?page_id=6"},"modified":"2025-03-18T16:01:15","modified_gmt":"2025-03-18T19:01:15","slug":"quem-somos","status":"publish","type":"page","link":"https:\/\/gpde.direito.ufmg.br\/index.php\/quem-somos\/","title":{"rendered":"QUEM SOMOS"},"content":{"rendered":"<p dir=\"ltr\" style=\"text-align: left;\"><span style=\"font-size: 12pt; font-family: verdana, geneva, sans-serif;\">A Faculdade de Direito da UFMG historicamente \u00e9 institui\u00e7\u00e3o l\u00edder de pesquisa em Direito Econ\u00f4mico, incluindo setores como An\u00e1lise Econ\u00f4mica do Direito, Regula\u00e7\u00e3o Econ\u00f4mica, Propriedade Intelectual, Concorr\u00eancia, Compliance, Inova\u00e7\u00e3o e Desenvolvimento.<\/span><\/p>\n<p dir=\"ltr\" style=\"text-align: left;\"><span style=\"font-size: 12pt; font-family: verdana, geneva, sans-serif;\">Nesse contexto, em 2011 foi criado o Grupo de Pesquisa em Direito Econ\u00f4mico do Departamento de Direito P\u00fablico da Faculdade de Direito da UFMG coordenado pelo Professor Dr. Fabiano Teodoro de Rezende Lara que, ao identificar o anseio e as dificuldades de desenvolvimento das pesquisas, criou o grupo para participa\u00e7\u00e3o de alunos da gradua\u00e7\u00e3o e p\u00f3s-gradua\u00e7\u00e3o.<\/span><\/p>\n<p dir=\"ltr\"><strong>Pesquisadores<\/strong><\/p>\n<p dir=\"ltr\">Professor Doutor Fabiano Lara<\/p>\n<p dir=\"ltr\">Professor Doutor Reinaldo Luz<\/p>\n<p dir=\"ltr\"><a href=\"https:\/\/gpde.direito.ufmg.br\/index.php\/elton-pupo-nogueira\/\">Juiz Elton Pupo Nogueira<\/a><\/p>\n<p dir=\"ltr\"><a href=\"http:\/\/www.linkedin.com\/in\/douglas-sabino-01\">Mestre Douglas Matias Sabino<\/a><\/p>\n<p dir=\"ltr\">Mestre Elisa Santos Coelho Sarto<\/p>\n","protected":false},"excerpt":{"rendered":"<p>A Faculdade de Direito da UFMG historicamente \u00e9 institui\u00e7\u00e3o l\u00edder de pesquisa em Direito Econ\u00f4mico, incluindo setores como An\u00e1lise Econ\u00f4mica do Direito, Regula\u00e7\u00e3o Econ\u00f4mica, Propriedade Intelectual, Concorr\u00eancia, Compliance, Inova\u00e7\u00e3o e&hellip;<\/p>\n","protected":false},"author":1,"featured_media":0,"parent":0,"menu_order":0,"comment_status":"closed","ping_status":"closed","template":"","meta":{"footnotes":""},"class_list":["post-6","page","type-page","status-publish","hentry"],"_links":{"self":[{"href":"https:\/\/gpde.direito.ufmg.br\/index.php\/wp-json\/wp\/v2\/pages\/6","targetHints":{"allow":["GET"]}}],"collection":[{"href":"https:\/\/gpde.direito.ufmg.br\/index.php\/wp-json\/wp\/v2\/pages"}],"about":[{"href":"https:\/\/gpde.direito.ufmg.br\/index.php\/wp-json\/wp\/v2\/types\/page"}],"author":[{"embeddable":true,"href":"https:\/\/gpde.direito.ufmg.br\/index.php\/wp-json\/wp\/v2\/users\/1"}],"replies":[{"embeddable":true,"href":"https:\/\/gpde.direito.ufmg.br\/index.php\/wp-json\/wp\/v2\/comments?post=6"}],"version-history":[{"count":2,"href":"https:\/\/gpde.direito.ufmg.br\/index.php\/wp-json\/wp\/v2\/pages\/6\/revisions"}],"predecessor-version":[{"id":723,"href":"https:\/\/gpde.direito.ufmg.br\/index.php\/wp-json\/wp\/v2\/pages\/6\/revisions\/723"}],"wp:attachment":[{"href":"https:\/\/gpde.direito.ufmg.br\/index.php\/wp-json\/wp\/v2\/media?parent=6"}],"curies":[{"name":"wp","href":"https:\/\/api.w.org\/{rel}","templated":true}]}}